4*r - n = 6*t. Calculate c(t).
5
Let x be (((-735)/14)/(-21))/((-2)/(-44)). Let i(r) = r**2 - 40*r - 828. Calculate i(x).
-3
Let b(a) be the first derivative of 193 - 11/2*a**2 - a. Give b(-2).
21
Let v = 546 - 542. Let z(r) = -r - v*r + 3*r - 27 + 0 + 0*r. What is z(-11)?
-5
Let u be ((-22)/(-12 - -34))/1. Let c(y) be the second derivative of 23*y**4/24 + y**3/6 + y**2/2 + 2*y. Let g(x) be the first derivative of c(x). Give g(u).
-22
Let p(q) = -2*q - 19. Let o(r) = r + 19. Let d(g) = -5*o(g) - 4*p(g). Let y(i) = -4*i + 20. Let f(h) = 3*d(h) + 2*y(h). What is f(12)?
-5
Let j(f) = -3*f. Let i = -59 - -68. Suppose -28*r + i = -19*r. Calculate j(r).
-3
Let c(i) = 285*i + 24. Let u(q) = 261*q + 21. Let f(n) = 9*c(n) - 10*u(n). Give f(-2).
96
Let g(m) = -72*m - 426. Suppose -69*i = 3274 - 2860. What is g(i)?
6
Let l(w) = w**3 + w**2 + 1. Suppose -b = -2 - 1. Let a(u) = -2*u**3 + 2*u**2 + 2*u. Let o(z) = b*l(z) + a(z). Suppose -175 = -v - 180. Calculate o(v).
-7
Let s(f) be the second derivative of -f**3/3 + 9*f**2 + 4*f - 3006. Let p(c) = -4 - 2*c**2 + 5*c**2 - 2*c**2. Let m be p(-4). Determine s(m).
-6
Suppose -9*b = 5*b + 9*b + 759. Let y(a) = a**2 + 31*a - 49. Calculate y(b).
17
Let b(x) = -10*x**2 - 1. Let s = -2389 + 2391. What is b(s)?
-41
Let d(w) = w**3 + 5 - 361*w**2 - 12*w + 373*w**2 - 4*w. Let p(k) = k**3 + 12*k**2 - 17*k + 5. Let u(r) = 4*d(r) - 3*p(r). What is u(-13)?
5
Let h = 1844 + -1858. Let y(k) = k**2 + 17*k + 33. Determine y(h).
-9
Let q(x) = 3*x - 13. Let c be q(5). Let d(w) = w + 4*w**2 - 2*w**2 - 7*w + c + w. Let f = 12 - 9. Determine d(f).
5
Let o(m) = -59 - 7*m**2 + 5*m + 66 + 8*m**2. What is o(-2)?
1
Suppose 5*k - n - 17 = -29, 2*k - 12 = -2*n. Let u(q) = 120*q**3 - q**2 + 1. Calculate u(k).
-120
Let o be (280/(-84))/(1/18). Let b = o - 52. Let m = b + 120. Let h(c) = c**3 - 7*c**2 - 9*c + 10. Determine h(m).
2
Let x(s) = -62*s - 4. Let u(t) = -19*t - 1. Let q(n) = -4*u(n) + x(n). Give q(2).
28
Let r(f) = 4*f + 13. Suppose -61*i - 12 = -65*i. Let b(h) = 9*h + 27. Let v(k) = i*b(k) - 7*r(k). Give v(-10).
0
Let v(x) be the first derivative of -9*x**2/2 + 38*x - 5187. Give v(5).
-7
Let m(n) = n**3 - 8*n**2 - 4*n - 42. Let o be m(9). Let u(z) = 0*z**2 + 10*z**2 + 9*z**2 - 25*z**2 + 5 - z**o + 7*z. Let p = 3 + -10. What is u(p)?
5
Let p(o) be the first derivative of -5*o**2 + 1/4*o**4 + 6*o - 21 - 3*o**3. Determine p(10).
6
Let x(h) be the first derivative of -19*h**7/840 + h**6/180 + h**5/120 - 110*h**3/3 - 258. Let j(d) be the third derivative of x(d). Calculate j(-1).
20
Suppose n = p + 26 - 11, 3*n - 73 = -4*p. Let a(b) be the first derivative of 2*b**3 - 1/4*b**4 - 3*b**2 - n - 3*b. What is a(5)?
-8
Let s(x) = 11*x - 225. Let w(g) = 213*g + 2363. Let o be w(-11). Determine s(o).
-5
Suppose 5*w + 9*n + 8 = 10*n, -3*w - 8 = n. Let k be w/(3/12*-1*1). Let a(s) = -3 + 0*s**2 - 2 + s**3 + 9*s - 9*s**2. Calculate a(k).
3
Suppose -2*c = -g + 32, -c = -2*g + 1378 - 1353. Let l(o) be the third derivative of o**5/60 + 13*o**4/24 + 4*o**3/3 + 2*o**2. Determine l(c).
8
Let u(j) = -j + 7. Let x(o) = -o**2 - 3*o + 28. Let b = -177 + 57. Let p = b + 113. Let t be x(p). Determine u(t).
7
Suppose 2*m + 2*k = -42, -4*k + 5*k = -3*m - 55. Let n(a) = -a**2 - 15*a + 43. What is n(m)?
9
Let o = -8862 + 8871. Let q(y) = y**2 - 2*y - 57. Calculate q(o).
6
Let l(j) be the third derivative of j**6/180 + j**5/40 + j**4/8 - 103*j**3/6 + 50*j**2. Let v(r) be the first derivative of l(r). Calculate v(-2).
5
Let x(r) = 12*r - 39. Suppose 3*g + 9 = i, -g + 36*i - 11 = 37*i. Determine x(g).
-99
Let x(r) = -2*r + 7. Let o be -5 - (14/28)/(2/(-20)). Suppose -d = 4*d + 3*p - 30, -2*d - 5*p + 31 = o. Give x(d).
1
Let h be 3 + 128/(5 - 6). Let p = h - -114. Let l(o) = o**2 + 16*o + 16. Determine l(p).
-39
Let o = -3 - 2. Let d(f) be the third derivative of -13 - 7/6*f**3 + 3*f**2 + 0*f - 1/60*f**5 - 7/24*f**4. Give d(o).
3
Let x(r) = -2*r. Let o(k) = -k + 7. Let p(b) = -o(b) + 2*x(b). Suppose -20 + 8 = 4*n. Give p(n).
2
Let b = -94 - 475. Let y = 565 + b. Let x(h) = 2*h**2 + 6*h + 1. What is x(y)?
9
Let b(f) = -f - 1. Let i be b(5). Suppose 13*v = -7*v + 160. Let z(y) = y**2 - 89*y - 95*y + 188*y - v. Give z(i).
4
Let f(d) = -11*d - 65. Let q be f(-9). Let l = 34 - q. Let c be l/(-3)*(1/(-3) - 0). Let s(p) = p - 1. What is s(c)?
-1
Let k be (-48)/22 - 80/(-440). Let a(c) = -3*c**2 + 3*c + 12. Let r(j) = -3*j**2 + 3*j + 14. Let d(p) = -6*a(p) + 5*r(p). Determine d(k).
16
Let d(c) = 4*c + 1. Suppose 4*n + 14 = 3*k - 2, 5*k + 5*n = 15. Suppose -u - 5 = 0, -4*z + 2*z - k*u = 36. Calculate d(z).
-31
Let p(i) = -i**3 + 9*i**2 - 5*i + 47. Let r be p(9). Let a(l) = 3*l + 651*l**3 + l**r - 4*l - 638*l**3. Give a(1).
13
Let k(b) = 2*b**3 - 8*b**2 + 15*b - 12. Let m be k(5). Let g = m + -111. Let p(w) = w**3 + 5 - 5 + w + 6 - g. Determine p(0).
4
Let h(a) = -a**3 - 33*a**2 - 40*a + 108. Let b be h(-32). Let s = b + -367. Let t(o) = -o - 1. Calculate t(s).
2
Let r(j) = 0*j - 3*j + 17*j + 19*j + 1. Let p be ((-1)/(-6))/(1/30*(-209 + 204)). Give r(p).
-32
Let d(s) be the second derivative of -s**4/4 - 25*s**3/3 + 5*s**2 + 2801*s. Give d(-17).
-7
Let d(p) = -4*p**2 + 16*p. Let l(j) = -j**2 + 2*j - 1. Let r(f) = d(f) - 8*l(f). Let c(t) be the first derivative of r(t). What is c(-1)?
-8
Let f(u) be the second derivative of u**5/20 + 25*u**4/12 + 25*u**3/6 - 35*u**2/2 - 7405*u. What is f(-24)?
-59
Let l(f) be the first derivative of f**4/4 - f**3/3 - 7*f - 1. Suppose -135*b + 128 = -133*b. Suppose 0 = -b*q + 61*q. Give l(q).
-7
Let h(z) = 3*z**2 + 5*z + 7. Suppose -3*w - 30 = -2*j - 7, -2*w + 5*j - 8 = 0. Let n(k) = 7*k**2 + 11*k + 14. Let u(c) = w*h(c) + 4*n(c). Determine u(3).
-1
Suppose -5*f - 16*f = -1218. Suppose -62*q - 12 = -f*q. Let t(x) = x**2 + 2*x + 1. Determine t(q).
4
Let c(o) = -4*o**2 + 42*o - 16. Let x be c(10). Suppose -4*w = 4*k - 24, 3*w - x*w = -2. Let h(y) = -y**2 + 4*y - 4. Calculate h(k).
-4
Let i(c) = -2*c + 16. Let g = 392 - 397. Let j be (-4 - g)/(1/7). Calculate i(j).
2
Let c(q) = -3145*q - 3143*q - 3148*q + 41 + 9439*q. Calculate c(0).
41
Let w(f) = -f**2 + 6*f + 3*f**3 + 2 + 0*f**2 - f**2. Suppose 950*x + 68 = 967*x. Let u(h) = h**2 - h - 1. Let m(k) = x*u(k) + w(k). Calculate m(-2).
-22
Let k(p) = 2442*p - 14648. Let f be k(6). Let u(w) be the first derivative of -w**4/4 + 5*w**3/3 - 2*w**2 - 4*w + 9. Determine u(f).
-4
Suppose 2*p + 4*y - 51 = -3, 27 = -3*p + 5*y. Let v(i) = -3 + 7*i - i**2 + 2 - 3. Calculate v(p).
2
Let u(j) = -j**2 + 6*j + 5. Suppose 23 = 5*k - 7. Suppose 5 = l + k. Let i(y) = 5*y**2 - y. Let h be i(l). What is u(h)?
5
Let l(m) be the second derivative of 1/4*m**4 - 54*m - 1/20*m**5 - 1/6*m**3 + 0 + 3/2*m**2. Give l(3).
0
Let c be 2*6*(25 - (-1064)/(-42)). Let p(x) = 3*x**3 + 12*x**2 + 6*x + 30. Calculate p(c).
6
Suppose -9 = -3*s + 6. Let d(w) = -6*w**3 + 26*w**2 + 3*w - 1. Let r(i) = -i**3 + 4*i**2 + i + 1. Let n(j) = -d(j) + 5*r(j). Calculate n(s).
-9
Let r(q) = -q**2 - 2. Let c = -215 + 221. Let w(b) = -b**3 - 2*b**2 + b - 8. Let m(n) = c*r(n) - w(n). What is m(4)?
-8
Let k(i) = 6*i**3 + 30*i**2 + 4*i - 14. Let m(s) = -s**3 - 5*s**2 - s + 1. Let j(w) = k(w) + 5*m(w). What is j(-5)?
-4
Let u(f) = 10421 + 7*f**2 - 10408 - 17*f - 5*f**2. What is u(8)?
5
Let p be (0 - 4)*-1 + 1. Suppose p*a = -f + 6, 3*a = 4*f - 51 - 42. Let d(b) = f*b**3 + 7*b - 9*b**3 - 7*b**2 - 11*b**3 - 5. What is d(6)?
1
Let s = 706 - 698. Let k(c) be the first derivative of -1/2*c**2 + c + s. Give k(8).
-7
Let i(t) = 12*t**3 - 27*t**2 - 24*t + 70. Let c(g) = 19*g**3 - 41*g**2 - 36*g + 111. Let n(q) = 5*c(q) - 8*i(q). Let d = 31 - 19. What is n(d)?
-5
Let o = -4589 - -4582. Let n(q) = 10*q + 14. What is n(o)?
-56
Let o(r) = -259*r**2 - 1 + 268*r**2 + 5*r + 3*r**2. Determine o(-2).
37
Let v = -30 - -33. Let l be v*(-3)/9 + 7. Let n(r) be the second derivative of r**5/20 - r**4/2 + 2*r**2 + 13*r. What is n(l)?
4
Let j(d) be the first derivative of d**3/3 - 9*d**2/2 + 7*d + 1. Suppose -2*b + 93*z = 96*z - 4, -5*b + 7*z = -68. Give j(b).
-1
Let m(d) be the third derivative of d**5/60 + d**4/12 - 29*d**3/6 + 207*d**2 - d - 3. Give m(-7).
6
Let s(h) = -9*h - 3 + 1 + 0. Let n(r) = r**3 + 32*r**2 - 312*r + 2339. Let f be n(-41). Determine s(f).
-20
Let m(i) =